-36. What is the units digit of c?
7
Suppose 20 = -4*z, -2*h + 10 = -2*z - 0*z. Suppose -49 = -2*y - 5*x, 0 = -h*y - 3*y - 3*x + 87. What is the units digit of y?
2
Suppose -4*p - w - 67 = -9*p, -13 = -2*p + 5*w. What is the tens digit of p?
1
What is the units digit of 30/12*16/10?
4
Let a be (6/15 + 0)*-5. Let w(y) = -3*y**3 - y**2 - 3*y - 3. What is the tens digit of w(a)?
2
Suppose -3*k + 8 + 13 = 0. Let a(s) = -s + 6. Let f be a(k). Let i = f + 4. What is the units digit of i?
3
Suppose 2*f = f + 69. What is the units digit of f?
9
Suppose 2*v - 5*p = -21, 0*p + 3 = -v + p. Let l(s) = s - 5. Let w(c) = 2*c - 11. Let n(z) = v*w(z) - 5*l(z). What is the units digit of n(-6)?
9
Suppose 2 + 2 = 2*r. Suppose 47 = 5*p + 2*v, 0 = 5*p - r*v - 16 - 47. What is the tens digit of p?
1
Let a(x) = -6 - 23 + 43 - x**3 - 5*x**2 - 5*x**2. What is the tens digit of a(-10)?
1
Let s be 2*1 - 0/(-3). Let a(b) = 4*b + 1. What is the units digit of a(s)?
9
Let g(p) = p**2 - 5*p - 12. What is the tens digit of g(10)?
3
Suppose -3 + 51 = 3*u. Let g = 19 - u. What is the units digit of g?
3
Let y(n) = -n - 2. Let f be y(0). Let k be f/2*(-4 + 8). Let h = k + 10. What is the units digit of h?
6
Suppose -4*d + l + l = -14, -10 = -2*d + 4*l. Suppose -5*o + 60 = 3*r, -5*o = 2*r - d*r - 40. What is the units digit of o?
9
Let h = 173 - 85. Suppose -d + h = d. What is the units digit of 2/3 + d/6?
8
Let u = -48 + 76. Suppose 4*g = 6*g - u. What is the tens digit of g?
1
Let r = -3 + 16. Suppose j - 3 = r. What is the tens digit of j?
1
Suppose -3*q + 4*g + 11 = 0, 3 = 2*q - q - g. Suppose -4*a = 11 + q. What is the units digit of a*(1 - 10/6)?
2
Let b(d) = d**2 - 3*d - 10. Let f be b(7). Let u = f + -15. What is the units digit of u?
3
Let h = -33 - -22. Let z = h - -25. What is the units digit of z?
4
Let y = 23 + 50. What is the units digit of y?
3
Suppose 268 - 196 = 2*x. What is the units digit of x?
6
What is the units digit of 35/(4/10*(-50)/(-40))?
0
Suppose 4*g = -5*u + 23, -3 = u - 4*g + 2. Suppose 2*a + u = 9. Suppose 3*b = t, -b - b + a*t = 7. What is the units digit of b?
1
Suppose 16 = 2*l - 154. Suppose 2*u - 7*u = -l. What is the tens digit of u?
1
Let z(v) = v**2 + 2*v - 12. Let f be z(4). Suppose 0 = -3*w - 0*w + 6. What is the units digit of (f/9)/(w/9)?
6
Let b(i) = -18*i + 28. What is the units digit of b(-15)?
8
Let v(b) = -9*b**2 + 4*b - 7. Let j(c) = -4*c**2 + 2*c - 3. Let f(y) = -5*j(y) + 2*v(y). Let o be f(1). What is the tens digit of o + (-2 + 32)/3?
1
Suppose -4*u + 114 = u - 4*z, 2*u - 4*z - 36 = 0. What is the units digit of u?
6
Let y(h) = -h**3 + 7*h**2 + 10*h - 6. What is the units digit of y(8)?
0
Let z(p) = -7*p - 9*p**2 + 9*p + 6*p + p**3. Let m be z(8). Suppose -4*q = j - 4, -2*j + 2*q - q + 35 = m. What is the tens digit of j?
1
Suppose -28 = -2*p - 136. What is the units digit of (-4)/8 + p/(-4)?
3
Suppose -3*m + 23 = 5*l - 1033, -4*m + 638 = 3*l. What is the tens digit of l?
1
Let p = 65 + -33. What is the tens digit of p?
3
Let l be (60/(-9))/((-1)/(-9)). Let m = l + 85. Suppose 48 - 8 = 5*k - 5*h, m = 3*k - 2*h. What is the units digit of k?
9
Suppose -15 = 6*z - z. What is the units digit of 136/(-12)*z/2?
7
Suppose 5*f - 4*x + 72 = 0, 0 = 5*f + x + 2*x + 51. What is the units digit of (-12)/(-2*(-9)/f)?
8
Suppose -2*u + 123 - 47 = 0. What is the tens digit of u?
3
Suppose 5*h - 114 = 3*s, -2*h + 27 = 2*s + 3*s. Suppose -5*w - h = -8*w. What is the units digit of w?
7
Let k be (-12)/4 - (-2 - 1). Let y = k - -4. What is the units digit of y?
4
Suppose 115 = 2*s - 49. What is the units digit of s?
2
Let n be (3 - 2)*1*5. Let v = n - 0. Suppose -15 = -v*m + 5. What is the units digit of m?
4
Suppose 2*g - 18 - 2 = 0. What is the tens digit of g?
1
Let z(f) = -f**3 + f**2 - 2. Let h be z(-5). Let r be 2/5 + h/(-20). What is the units digit of r/(-1)*(-4 + 5)?
7
Suppose 0 = -2*u + 92 - 18. What is the tens digit of u?
3
Suppose -296 = -2*f - 2*f. Suppose -2*l = -2*q - 72, 3*q - l + 190 - f = 0. What is the units digit of (6/5)/((-6)/q)?
8
Suppose -44 = -5*h - 14. What is the units digit of h?
6
Suppose 4*c - 143 = 5*h, -10 - 171 = -5*c + 4*h. Suppose 0*t - t = 2*y - c, -t + 58 = 3*y. What is the tens digit of y?
2
Suppose 6 - 1 = 2*n - 3*o, -n + 4*o = 0. Suppose t + 2 - n = 0. What is the units digit of t?
2
Let i be -1 + 6/9*9. Suppose -h - 13 = -i*h + u, -h = u + 3. Suppose 4*j + 34 + h = 4*g, -4*g + 2*j + 32 = 0. What is the units digit of g?
7
Let n = -3 + 3. Suppose -2*a + n*a = -24. What is the tens digit of a?
1
Let u = -37 - -112. Suppose 8*x - 3*x = u. What is the units digit of x?
5
Let h(x) = -x**3 - 8*x**2 - 9*x - 2. Let c(t) = 3*t + 9. Let a be c(7). Suppose -2*b - 37 = 4*n - 5*b, 3*b - a = 3*n. What is the units digit of h(n)?
2
Let a = -7 - -10. Suppose -m + a = -0. Suppose 4*k = -m + 23. What is the units digit of k?
5
Let v(q) = q. Let h be v(4). Suppose -5*w + w = -2*n + 40, 2*n + h*w - 72 = 0. What is the tens digit of n?
2
Let y = -28 + 28. Let x be (-1)/3 + 230/6. Suppose 7 = -c - 3*u, -4*c + 4*u - 2 + x = y. What is the units digit of c?
5
Let w(n) = 2*n**2 - 3*n + 1. Let x be w(2). Suppose x*h - 14 = 2*h. What is the tens digit of h?
1
Let p(f) = 8*f**2 - 10*f - 11. What is the units digit of p(5)?
9
Let a = 16 - 11. Suppose 4*k - 25 = k - 4*h, h + 8 = 4*k. What is the units digit of 18*(k - a/2)?
9
Suppose -3*m + 3*h + 54 = -27, -2*m + 57 = h. Let i = m - 14. What is the tens digit of i?
1
Suppose 0 = 4*r - 4*x - 12, -x - 10 = -6*x. Suppose 4 = r*p - 6. What is the units digit of p?
2
Let t(w) = -w**3 + 8*w**2 - 7*w + 10. Let z be -4*2*(-2)/4. Let d be (z/(-6))/(2/(-21)). What is the units digit of t(d)?
0
Suppose 2*d - 160 - 88 = 0. What is the tens digit of d?
2
Let m(b) = 2*b**2 + 14*b + 11. What is the hundreds digit of m(-15)?
2
Let y = -811 + 1138. What is the units digit of y?
7
Suppose 371 = 3*j - 133. What is the tens digit of j?
6
Suppose -3*i = -2*c + 113 + 2, -5*c - i + 279 = 0. What is the units digit of c?
6
Let s(x) = x + 1. Let u(q) = -4*q + 6. Let p(i) = 5*s(i) + u(i). What is the units digit of p(0)?
1
Let g = -213 + 126. Let m = g + 138. What is the tens digit of m?
5
Suppose -2*d = -3*d. Suppose 2*o + 32 - 2 = d. Let z = -7 - o. What is the units digit of z?
8
Suppose 3*s - 1091 = 205. What is the tens digit of s?
3
Let x(w) = w**2 - 2*w - 3. Let k be x(-2). Suppose 4*o - 2*a - 3*a - 7 = 0, 25 = k*a. Suppose -3*g + o = -16. What is the units digit of g?
8
Suppose -c - 3*g + 11 = 0, 3*g - 15 = -5*c + 2*c. Suppose -1 - 1 = c*k, -4*k = 3*j - 86. What is the units digit of j?
0
Let c(u) = 2 - 4*u + 4 - 1 + 3*u. Let o = -15 + 6. What is the tens digit of c(o)?
1
Suppose 3*a - 1 = -2*a - 3*i, a = -2*i - 4. Suppose -3*b + 4 = -a*b. Suppose -b*m + 32 = 2*g, 0*m = 2*m - 5*g - 40. What is the units digit of m?
0
Let j(z) = 287*z**2 - 5*z + 6. What is the hundreds digit of j(1)?
2
Suppose 54 = 4*o - 2*l, 18 = 2*o - 2*l - 2*l. Suppose y = 2*h - 3*y, -h + o = 3*y. What is the units digit of h?
6
Let p(b) = b**3 + 6*b**2 + 6*b + 4. Let y be p(-5). Let z = 10 + y. What is the tens digit of 146/z + (-2)/9?
1
Suppose -2*i - 5*t = -34 + 7, 4*t = 4. Suppose -2*o + 45 = i. What is the tens digit of o?
1
Let l be 16/2*(-3)/(-6). Suppose -l*c = -m - c - 8, -4*c = -4*m - 48. Let z = m + 22. What is the units digit of z?
8
Let h(r) = 18*r**3. Let t be h(1). Suppose 54 = -3*v - 5*c, 4*v - c = -2*c - 55. Let q = t + v. What is the units digit of q?
5
Let d(g) be the third derivative of g**4/4 + 5*g**3/3 + 4*g**2. What is the units digit of d(5)?
0
Let n(i) = 0*i**2 - 4*i - 1 + i**2 + 7*i. Let d be n(-5). What is the units digit of (d/(-2))/(3/(-4))?
6
Let n = -3 - -14. What is the units digit of n?
1
Let h(c) = c**3 - 6*c**2 + 7*c + 1. What is the units digit of h(5)?
1
Let m(p) = -p**3 + 3*p**2 + 5*p - 6. Let h be m(4). What is the units digit of (-4)/6*(-29 - h)?
8
Let t = 41 + 41. What is the units digit of t?
2
Let v be (18/12)/(1/(-6)). Let c be (-3)/v + 195/9. Suppose 0*z + c = 2*z. What is the units digit of z?
1
Suppose 4*d + 4 = 16. Suppose 0 = -d*s + 4*a + 50, s + 4*a - 34 = -2*s. What is the tens digit of s?
1
Let k(n) = n**3 + 3*n**2 - 2*n + 1. Let x be k(-3). Let a = 27 - 19. Let v = a - x. What